{"id":5181,"date":"2014-10-23T17:45:09","date_gmt":"2014-10-23T17:45:09","guid":{"rendered":"http:\/\/www.trdestroyer.com\/cercoanumancia\/?page_id=5181"},"modified":"2026-03-23T08:45:03","modified_gmt":"2026-03-23T08:45:03","slug":"realizar-inscripcion","status":"publish","type":"page","link":"http:\/\/www.amigosdenarros.com\/sierradelalmuerzo\/realizar-inscripcion\/","title":{"rendered":"Realizar Inscripci\u00f3n"},"content":{"rendered":"<p><span style=\"font-family: montserratregular, sans-serif; font-size: 20px; color: #a7a7a7; line-height: 33px;\">En esta p\u00e1gina podr\u00e1s inscribirte en la marcha rellenando este sencillo formulario de inscripci\u00f3n.<\/span><br \/>\n<span style=\"font-family: montserratregular, sans-serif; font-size: 20px; color: #a7a7a7; line-height: 33px;\">S\u00f3lo tienes que rellenar los campos, seleccionar el m\u00e9todo de pago (\u00abTarjeta de Credito o D\u00e9bito\u00bb) y pagar la inscripci\u00f3n.<\/span><\/p>\n<p><span style=\"font-family: montserratregular, sans-serif; font-size: 20px; color: #a7a7a7; line-height: 33px;\">En caso de que no funcione correctamente el formulario de inscripci\u00f3n, real\u00edzala a trav\u00e9s de la p\u00e1gina del evento pinchando <a href=\"https:\/\/www.avaibooksports.com\/inscripcion\/xii-vuelta-sierra-del-almuerzo\/\" target=\"_blank\" rel=\"noopener\">AQU\u00cd<\/a>.<\/span><\/p>\n<p><span style=\"font-family: montserratregular, sans-serif; font-size: 20px; color: #a7a7a7; line-height: 33px;\">Puedes consultar el listado de inscritos pinchando <a href=\"https:\/\/www.amigosdenarros.com\/sierradelalmuerzo\/listado-de-inscritos\/\" target=\"_blank\" rel=\"noopener\">AQU\u00cd<\/a>.<\/span><\/p>\n<p><script type=\"text\/javascript\" src=\"https:\/\/www.avaibooksports.com\/js\/iframe\/v1\/load_iframe.js\"><\/script><br \/>\n<script>\n    abs('inscription_form', 'xii-vuelta-sierra-del-almuerzo', {\"iframe\":1,\"utm_nooverride\":1,\"lang\":\"es\",\"background\":\"FFFFFF\"});\n<\/script><\/p>\n","protected":false},"excerpt":{"rendered":"<p>En esta p\u00e1gina podr\u00e1s inscribirte en la marcha rellenando este sencillo formulario de inscripci\u00f3n. S\u00f3lo tienes que rellenar los campos, seleccionar el m\u00e9todo de pago (\u00abTarjeta de Credito o D\u00e9bito\u00bb) y pagar la inscripci\u00f3n. En caso de que no funcione correctamente el formulario de inscripci\u00f3n, real\u00edzala a trav\u00e9s de la p\u00e1gina del evento pinchando AQU\u00cd. [&hellip;]<\/p>\n","protected":false},"author":1,"featured_media":0,"parent":0,"menu_order":4,"comment_status":"open","ping_status":"open","template":"","meta":[],"_links":{"self":[{"href":"http:\/\/www.amigosdenarros.com\/sierradelalmuerzo\/wp-json\/wp\/v2\/pages\/5181"}],"collection":[{"href":"http:\/\/www.amigosdenarros.com\/sierradelalmuerzo\/wp-json\/wp\/v2\/pages"}],"about":[{"href":"http:\/\/www.amigosdenarros.com\/sierradelalmuerzo\/wp-json\/wp\/v2\/types\/page"}],"author":[{"embeddable":true,"href":"http:\/\/www.amigosdenarros.com\/sierradelalmuerzo\/wp-json\/wp\/v2\/users\/1"}],"replies":[{"embeddable":true,"href":"http:\/\/www.amigosdenarros.com\/sierradelalmuerzo\/wp-json\/wp\/v2\/comments?post=5181"}],"version-history":[{"count":34,"href":"http:\/\/www.amigosdenarros.com\/sierradelalmuerzo\/wp-json\/wp\/v2\/pages\/5181\/revisions"}],"predecessor-version":[{"id":5544,"href":"http:\/\/www.amigosdenarros.com\/sierradelalmuerzo\/wp-json\/wp\/v2\/pages\/5181\/revisions\/5544"}],"wp:attachment":[{"href":"http:\/\/www.amigosdenarros.com\/sierradelalmuerzo\/wp-json\/wp\/v2\/media?parent=5181"}],"curies":[{"name":"wp","href":"https:\/\/api.w.org\/{rel}","templated":true}]}}